4*u - 2*x + x = 244. What is the units digit of u?
1
Suppose 3*p - 2 = 1. Let y be 0/(-8)*p/(-2). Let b(u) = u**2 - u + 4. What is the units digit of b(y)?
4
Suppose -221 = -r - 2*c, 0 = -r + c + 67 + 145. Suppose -6*k = -k - r. What is the tens digit of k?
4
Let n(j) = -2*j**3 + 69*j**2 + 56*j + 78. What is the tens digit of n(35)?
1
What is the tens digit of -6 - 0 - (-5 + -367)?
6
Let v be ((-10)/4)/(-5)*10. Let t(k) = k**3 - k**2 + 2*k - 2. Let x be t(1). Suppose 4*n - v - 15 = x. What is the units digit of n?
5
Let r = 52 + -4. Suppose -7*d + 8 + r = 0. What is the units digit of d?
8
Suppose 3*i = -4*s + 4618, 2*s - 2138 = 3*i - 6768. What is the units digit of i?
2
Let t(c) = 0*c**2 - 2*c**3 + 5*c + 2*c**2 - 2*c**2 - c**2 + 2. What is the units digit of t(-3)?
2
Suppose 3635 = 5*o + 4*w, -3*w + w - 3605 = -5*o. What is the units digit of o?
3
What is the units digit of 69 + (-3 - ((-15)/1)/5)?
9
Let v = 85 - 24. Let m = v - -39. What is the hundreds digit of m?
1
Suppose 190 = 6*c - c. What is the units digit of c?
8
Suppose 3*p - 7*p = 4*s - 148, 0 = 5*s - 3*p - 193. What is the units digit of s?
8
Let k(o) = o + 2. Let j be k(3). Suppose -12*r + 945 = -j*r. What is the tens digit of r?
3
Suppose q = -q - 28. Let r = 27 + q. Let i(c) = c**2 - 11*c - 12. What is the units digit of i(r)?
4
Let b = 427 + 185. What is the units digit of b?
2
Suppose -10*r - 42 - 208 = 0. What is the tens digit of (-20)/r*145/2?
5
Suppose -2*h - 25 = -l, -3*h = -l + 2*l - 10. Suppose 0 = r - 0 + l. Let i = r - -49. What is the units digit of i?
0
Let h(n) = 5*n + 5*n + 6 + n. Let y(j) = -153*j - 85. Let v(i) = -85*h(i) - 6*y(i). What is the tens digit of v(-1)?
1
Let a(b) = -b - 7*b**3 + 10*b**3 - 13*b**3. Let z be a(1). Let h = z + 21. What is the units digit of h?
0
Suppose 5*o - 6405 = i + 3118, 0 = -2*o - 4*i + 3796. What is the tens digit of o?
0
Suppose 2*i + 2*w + 56 = 0, -i - 5*w + 4 = -2*i. Let a = i + 27. What is the units digit of a?
3
Suppose 2*m - 34 = a, -m + 33 = 3*a + 135. Let k be (355/(-15))/((-5)/(-15)). Let u = a - k. What is the tens digit of u?
3
Suppose -3*m + 3 + 3 = -5*k, 2*m - 4 = 4*k. Suppose k = -3*p + 43 + 29. What is the units digit of p/9*(1 - -2)?
8
Let x(a) = a**3 - 19*a**2 - 6*a + 168. What is the tens digit of x(22)?
8
Suppose 0 = 42*d - 50*d + 8568. What is the units digit of d?
1
Suppose 8*s - 3542 - 2754 = 0. What is the hundreds digit of s?
7
Let r be (1 + 2/8)/(11/396). Suppose -r = -u + 45. What is the tens digit of u?
9
Let j = -13 - -13. Suppose j = -c + 1, 2*t - 2 = 4*c - 10. Let x(f) = -5*f**3 + 2*f**2 + 4*f + 2. What is the units digit of x(t)?
2
Suppose -4*r - 5*z = -894 + 117, 0 = 4*r + 3*z - 767. What is the tens digit of (r/(-5) + 0)/(2/(-5))?
9
Suppose 2*x = -0*x + 5*x. Let a(z) = 6*z + 111. What is the tens digit of a(x)?
1
What is the tens digit of 5/3*(-7 + 1047 + 4)?
4
Let k(i) = i**3 - 4*i**2 + 6*i - 4. Let o be k(3). Suppose -4*g - o*b + 789 = 0, -g - 3*g + b = -759. What is the tens digit of g?
9
Let k(h) = 452*h**3 + 2*h**2 - 7*h + 6. What is the tens digit of k(1)?
5
Let h be 13/52 + (-39)/(-4). Let r(a) = a**2 - 5*a + 25. What is the units digit of r(h)?
5
Suppose 5*u - 2*c - 5 - 10 = 0, -5*c + 6 = 2*u. Suppose -j = -3*a - 125, j + u*a - 135 = a. What is the tens digit of j?
3
Let a(d) = d**2 - 5*d - 6. Let l be a(6). Suppose -7 = o - 3*p, -2*o + 30 = 5*p - l*p. Suppose -o*j + 42 + 8 = 0. What is the units digit of j?
0
Let t(k) = k**3 - k**2 - 5*k + 4. Let m be t(6). Suppose 4*l = 2*l + m. Let n = l + -48. What is the tens digit of n?
2
Suppose -15*q + 793 = 43. What is the units digit of q?
0
Let y(w) = 5*w + 143. What is the hundreds digit of y(-8)?
1
Let u be (18 + (8/4 - 0))*-3. What is the units digit of (u/(-16))/((-6)/(-32))?
0
Suppose -2*n + 21 = 3*b, 2*b = -2*b + 5*n + 5. Suppose -5*c + 4*j = -10, 1 = 4*c - b*j + 2. Let z(k) = k**3 - 5*k**2 - 6. What is the units digit of z(c)?
0
Suppose -24 = -4*d + 72. Let j = d - 6. What is the units digit of j?
8
Let d be 1*-130*(0 - 1) - 1. Let y = -65 + d. What is the tens digit of y?
6
Suppose -98 = -8*y + 9*y. Let w be (168/y)/(1/7). What is the units digit of (-215)/(-6) + (-2)/w?
6
Suppose 0 = -0*n + 3*n + 3*z - 2439, 0 = 3*n + z - 2439. What is the tens digit of n?
1
Suppose -2*y = -3*v + 73, -4*y + 3*v - 134 = 27. Let s be y/(-10) - (-6)/(-15). Suppose -3 - 21 = -s*n. What is the units digit of n?
6
Let s = 68 + -40. Let r = 113 - s. What is the units digit of r?
5
Suppose -5*z - 3*s + 3787 + 1574 = 0, 3*z = 3*s + 3231. What is the units digit of z?
4
Let y = 28 + -30. Let r be (-2 - (-11 + 3)) + y. Let d = 13 - r. What is the units digit of d?
9
Let r = 3341 - 1819. What is the thousands digit of r?
1
Let s(v) = 8*v**3 - 27*v**2 + 11*v + 4. What is the tens digit of s(6)?
2
Let j(o) = -5*o**3 + 3*o**2 - 21. Let m(w) = -4*w**3 + 4*w**2 - w - 20. Let n(l) = 3*j(l) - 4*m(l). Let y be n(7). Let s = y - 26. What is the units digit of s?
9
Let q(d) = d + 10. Let l be q(-5). Let b(o) = o**2 - 8*o + 3. Let x be b(8). Suppose -2*h = -l*h + x. What is the units digit of h?
1
Let y(m) = m**3 + 11*m**2 - 17*m + 12. Let f = -93 + 82. What is the units digit of y(f)?
9
Let a(u) = 2*u + 6. Let v be a(0). Suppose -24*p = -v*p - 5598. What is the tens digit of p?
1
Let v = 24 + -29. Let y = 3 + v. Let a = 61 + y. What is the units digit of a?
9
Let v(i) = i**3 + 1. Let o(d) = -3*d**3 - 9*d**2 - 6*d - 12. Let l(h) = o(h) + 2*v(h). Let q be l(-7). Let c = q + 97. What is the tens digit of c?
3
Let u = -39 - -44. Suppose 2*o - u*v - 313 = -o, 76 = o + 4*v. What is the tens digit of o?
9
Let a = -42 + 150. Suppose -2*g = -4*x + 176, -3*x + x - 4*g + a = 0. Suppose -4*y + 86 = -x. What is the units digit of y?
3
Let r = -94 - -177. Suppose 4*k - r = 161. What is the units digit of k?
1
Suppose 0 = 700*s - 697*s - 1782. What is the units digit of s?
4
Let i be -24 - (-3 + -4 + 8). Let o(t) = t**3 + 25*t**2 - 4*t - 18. What is the tens digit of o(i)?
8
Let u = -293 - -477. Let y = 260 - u. What is the units digit of y?
6
Let g = 15 + -15. What is the units digit of g + 25/(-5) - -187?
2
Let s(j) = j**3 - 20*j**2 + j - 12. Let v be s(20). Suppose 0 = -4*g + v*g - 792. What is the units digit of g?
8
Suppose 0 = -2*l - l - 3. Let q(v) be the first derivative of 53*v**3/3 - v**2/2 - v + 117. What is the tens digit of q(l)?
5
Suppose -l - 13203 = -10*l. What is the units digit of l?
7
Suppose 3*s + 5*g - 8202 = -380, 0 = -s + 5*g + 2574. What is the thousands digit of s?
2
Suppose -2*n - 771 = -v, -3073 = -4*v + 2*n - 5*n. What is the hundreds digit of v?
7
Let h(y) be the first derivative of 11*y**5/60 + y**4/8 + y**3/2 - 11*y**2/2 + 4. Let w(l) be the second derivative of h(l). What is the tens digit of w(-2)?
4
Let k = 2 + -1. What is the units digit of k/(-8) - 1/(-8) - -40?
0
Let w(o) = o**3 - 5*o**2 + 5*o + 4. Let h be w(4). Suppose -2*d = 6 + h. What is the tens digit of (-219)/d - 12/42?
3
Let g = 0 + 2. Let z be 33/15 + (-6)/30. Suppose x + 15 = 4*f, -2*f + 12 = z*x + g*x. What is the units digit of x?
1
Let p be (-3 - (-12)/4) + (-3 - -19). Suppose 5*g - 3*c - 120 = -49, -5*c = 2*g - p. What is the tens digit of g?
1
Suppose 7518 = 3*i - 3360. What is the hundreds digit of i?
6
Let n = 577 + -344. What is the units digit of n?
3
Let b(d) = -79*d - 3. Let t be b(6). Let s = 785 + t. What is the units digit of 1/(-4) - s/(-16)?
9
Let v = 505 - -115. What is the tens digit of v?
2
Suppose -5210 = -34*n + 24*n. What is the hundreds digit of n?
5
Let p(b) = 4*b + 9. Let j(o) = -4. Let i(q) = -3. Let h(u) = 3*i(u) - 2*j(u). Let f(m) = -2*h(m) - p(m). What is the units digit of f(-5)?
3
What is the units digit of (-806139)/(-365) + ((-16)/(-10))/(-1)?
7
Let v be (-12)/(-15) - 1 - 44282/(-35). Suppose 0 = -3*t + 5*p + 772, 0 = 5*t + p - 5*p - v. What is the hundreds digit of t?
2
Suppose -4*h - 4*c + 20 = 0, 4*h + h = -3*c + 25. What is the tens digit of 4*(h/20 + 3)?
1
Suppose 16*v = 11*v - 25. What is the units digit of 2/((-4)/(-122))*(-4 - v)?
1
Let y = 373 + -300. What is the units digit of y?
3
Let o = 264 + -184. Let g = o + -113. Let a = -13 - g. What is the units digit of a?
0
Suppose 5*c = 7*c - 6. Let f be 108 - 1 - (0 + c). Suppose -x + 5*x = f. What